 -6371983?
-6371981
In base 16, what is da2de + -8?
da2d6
In base 13, what is -3c3a9 + 501b?
-3738b
In base 10, what is -968 - -375700?
374732
In base 11, what is 3 - -1438610?
1438613
In base 12, what is -4 + a3b084?
a3b080
In base 12, what is -267 + 15a1?
1336
In base 15, what is 32 - -d7882e?
d78861
In base 13, what is -29632784 + -5?
-29632789
In base 13, what is 2 - -78a1c33?
78a1c35
In base 14, what is -28 + 1b139?
1b111
In base 16, what is -13 - 41289c?
-4128af
In base 13, what is -1 + 3053185b?
3053185a
In base 8, what is -547742 + 173?
-547547
In base 11, what is -3005 - 12610?
-15615
In base 14, what is -c - 8973c04?
-8973c12
In base 5, what is 23041232113 - 0?
23041232113
In base 4, what is 20 - -20302322310?
20302322330
In base 13, what is -3ca3745c - 2?
-3ca37461
In base 6, what is -1012233110 + -4?
-1012233114
In base 13, what is 3218b6 + -4?
3218b2
In base 9, what is 126233753 + -1?
126233752
In base 6, what is -3521 + 14114?
10153
In base 11, what is -13762 - 302a?
-16791
In base 7, what is 515452 + 16?
515501
In base 13, what is -121 - 12a21?
-12b42
In base 12, what is -970 + b00?
150
In base 16, what is -3 - -656f38e?
656f38b
In base 4, what is 313003 + 1031220?
2010223
In base 8, what is -275 + -47332?
-47627
In base 2, what is 1001100100110011111111 + 100?
1001100100110100000011
In base 10, what is 747 - 28385?
-27638
In base 5, what is -2303412444 - 3?
-2303413002
In base 3, what is -2210011 + -2210211021?
-2220121102
In base 2, what is 1 + 1010001010111001100010100001?
1010001010111001100010100010
In base 10, what is 46485 - 250?
46235
In base 9, what is 627302 - 57?
627234
In base 12, what is 5 + -635118?
-635113
In base 14, what is 48a + -baa?
-720
In base 9, what is 165 - 20302?
-20126
In base 13, what is -425a2 + 35?
-4256a
In base 12, what is -a - 3726382?
-3726390
In base 7, what is 3 - -4525101?
4525104
In base 3, what is -21212102211102 + 2?
-21212102211100
In base 8, what is -23147137 + 371?
-23146546
In base 2, what is 111011011110 + 101101100111?
1101001000101
In base 4, what is 122 - -302233010?
302233132
In base 3, what is -1221221 + 100102022?
21110101
In base 5, what is 1114 + 233004413?
233011032
In base 13, what is -2394b8 + 1?
-2394b7
In base 15, what is -690 - 10d5?
-1775
In base 2, what is -10010 + -1000000000010010011?
-1000000000010100101
In base 7, what is 4 - -23423653?
23423660
In base 11, what is -163 - -3a288?
3a125
In base 15, what is -2ee + -220b1?
-223b0
In base 6, what is 32101103015 + -2?
32101103013
In base 5, what is 22114312 - 33203?
22031104
In base 6, what is -2 + 3341135?
3341133
In base 13, what is -7b5337 + -1?
-7b5338
In base 11, what is -126136 - -a?
-126127
In base 8, what is 534467 - 7617?
524650
In base 15, what is 0 - -26e7ac?
26e7ac
In base 12, what is 1 - 161407a6?
-161407a5
In base 8, what is -36170033 - -7?
-36170024
In base 12, what is -1 + -5bb08?
-5bb09
In base 7, what is 1031431 - -22264?
1054025
In base 6, what is 144302353 - -2?
144302355
In base 6, what is 3245444454 + -25?
3245444425
In base 12, what is 3322a6 - -147?
332431
In base 16, what is -4 + 6eaa6b?
6eaa67
In base 5, what is 0 + -23343420323?
-23343420323
In base 12, what is 1619bb54 + 7?
1619bb5b
In base 4, what is 331 + -110200210?
-110133213
In base 11, what is -2 - -9733287?
9733285
In base 15, what is 19565b + -10?
19564b
In base 11, what is -35621 + 50?
-35581
In base 15, what is -4 - 2d80e5?
-2d80e9
In base 9, what is -46 - -1721328?
1721272
In base 15, what is -e56294a + 4?
-e562946
In base 6, what is -1203254312 - 3?
-1203254315
In base 4, what is 20302133012310 - 10?
20302133012300
In base 16, what is 963 - -93?
9f6
In base 14, what is -717 + -393c1?
-39ad8
In base 3, what is -210000101 + -21021?
-210021122
In base 3, what is -11111001121 - -10201200?
-11100022221
In base 7, what is 3605225 + -10?
3605215
In base 12, what is -5847207 - -5?
-5847202
In base 9, what is -20 + -1113843?
-1113863
In base 13, what is 2b924a - 2b?
2b921c
In base 15, what is 1 - 1cc1e1?
-1cc1e0
In base 3, what is 1 - -12001220000110?
12001220000111
In base 12, what is 2513b94 + -13?
2513b81
In base 9, what is -371 + 1863712?
1863331
In base 9, what is -2885080 + 3?
-2885076
In base 16, what is -1f16 - 231?
-2147
In base 11, what is 666 - -14985?
15540
In base 3, what is 1022110112210 - 12?
1022110112121
In base 3, what is -1100202001 + -202012100?
-2002221101
In base 9, what is 328638 + 4?
328643
In base 3, what is -121201 - 111012121200?
-111020020101
In base 13, what is -238 - a8a6c?
-a8ca7
In base 16, what is 2bbf4 - -c6?
2bcba
In base 6, what is 242430521 + -4?
242430513
In base 11, what is -7a2a65 - -237?
-7a2829
In base 15, what is 1673b - -2d9?
16a25
In base 7, what is -4614 + -1510034?
-1514651
In base 12, what is -150 - -44a46?
448b6
In base 9, what is 0 - 1777453?
-1777453
In base 4, what is -121031122221 + -13?
-121031122300
In base 13, what is 14 - 37b10b?
-37b0c7
In base 10, what is -237174 - 29?
-237203
In base 15, what is -3 - ad75d?
-ad761
In base 4, what is -13221103222 - 1230?
-13221111112
In base 7, what is 50534 + 3333?
54200
In base 9, what is 1268 - -2338?
3617
In base 7, what is 2353053 + 1256?
2354342
In base 3, what is 1010001122210 - 1?
1010001122202
In base 13, what is 6 + 1617a3b8?
1617a3c1
In base 11, what is -6758 + 106?
-6652
In base 6, what is -30344420055 - 3?
-30344420102
In base 13, what is 17 - c162a?
-c1613
In base 5, what is 2034 - -311432340?
311434424
In base 7, what is 4131260 - 61?
4131166
In base 8, what is 72 + -270163?
-270071
In base 4, what is 2 + -20113023?
-20113021
In base 10, what is -118802 + 1471?
-117331
In base 13, what is -511479 - -3?
-511476
In base 7, what is 353004603 - 6?
353004564
In base 15, what is 251e00 + -5?
251dea
In base 16, what is -3bc1de7 + -4?
-3bc1deb
In base 13, what is 3 + 104a80c?
104a812
In base 9, what is 1 - 15362004?
-15362003
In base 4, what is -20011312 - -132103?
-13213203
In base 10, what is 15861 - -15071?
30932
In base 7, what is 2056044225 + 1?
2056044226
In base 8, what is -275066 - -35?
-275031
In base 9, what is 11 - -733811?
733822
In base 2, what is -1110100100111 + -1101011010111001?
-1111001111100000
In base 7, what is 50 - -1604134?
1604214
In base 16, what is -263 - 348b9?
-34b1c
In base 16, what is 6 + -7a1a58?
-7a1a52
In base 11, what is -12 - -70775?
70763
In base 9, what is 308560476 - 1?
308560475
In base 3, what is -122001112 - -22111211?
-22112201
In base 8, what is 13 + 10117036?
10117051
In base 8, what is -5 + 4245461?
4245454
In base 3, what is -1010121 + 1100212002021?
1100210221200
In base 8, what is 3001 + 11337?
14340
In base 7, what is -405515 + 5365?
-400120
In base 7, what is -26 - 12242240?
-12242266
In base 11, what is -53173 - 0?
-53173
In base 11, what is 5 + -16676453?
-16676449
In base 9, what is 32131156 - 4?
32131152
In base 14, what is -3 - 29a1c25?
-29a1c28
In base 13, what is 256a251 - -6?
256a257
In base 9, what is -1 - 62315364?
-62315365
In base 12, what is -3 - -91a384?
91a381
In base 6, what is 31524152 + -22?
31524130
In base 4, what is -21220332 - 121232?
-22002230
In base 11, what is 3900 - a671?
-6871
In base 13, what is 38b5 + 40c?
3cc4
In base 5, what is 22 + 1213131?
1213203
In base 7, what is 61 - 14013535?
-14013444
In base 16, what is e - 4dd6b3?
-4dd6a5
In base 11, what is 29180 - 51a?
28761
In base 13, what is 20573 - -1ca3?
22546
In base 15, what is 2b + 714e4?
71520
In base 15, what is -40 - -916e?
912e
In base 10, what is 122556 + -4?
122552
In base 2, what is 1100101100111 + -100011000?
1100001001111
In base 9, what is -357348 - 3?
-357352
In base 10, what is -27 - -4726865?
4726838
In base 14, what is -85db5d0 + 4?
-85db5ca
In base 5, what is 132 - 101001134?
-101001002
In base 7, what is -214442160 - -23?
-214442134
In base 7, what is -4623 + 343?
-4250
In base 14, what is 4 - 27a447?
-27a443
In base 15, what is a34 - -563?
1097
In base 11, what is 258 - 33237?
-32a8a
In base 4, what is 302200213 - 223?
302133330
In base 7, what is 5 - 25561411?
-25561403
In base 16, what is -48570e - -7?
-485707
In base 14, what is -30 - -d26b?
d23b
In base 9, what is 1 + 16864583?
16864584
In base 11, what is -581 + 310871?
3102a0
In base 10, what is 79 + 93739?
93818
In base 2, what i